2*w(i). Calculate z(5).
-12
Let z(s) be the first derivative of s**4/12 + 4*s**3/3 - 5*s**2/2 + 86*s - 198. Let p(k) be the first derivative of z(k). What is p(-9)?
4
Let i(n) = -6*n**2 - n**3 - 9 + 16 - 8 - n - 7. Suppose 0 = -3*b - 4 + 43. Suppose -5*a + b = 43. Calculate i(a).
-2
Let f(z) = 11*z + 122. Let p be ((-234)/44 + (-4)/22)/(32/64). Determine f(p).
1
Let g(z) = z + 8. Let d = -1676 - -961. Let h = d - -722. Calculate g(h).
15
Let j(u) be the first derivative of u**4/4 - 7*u**3/3 + 2*u**2 + 7*u + 9191. Determine j(6).
-5
Let t be ((10 + -16)*(-6)/(-9))/(4/6). Let w(d) = d**2 + 6*d + 7. Calculate w(t).
7
Let x(v) be the second derivative of -v**5/20 - 5*v**4/4 - 7*v**3/3 - 5*v**2 - 114*v + 7. Calculate x(-14).
-10
Let z(d) be the first derivative of 1/2*d**2 - 1 + 6*d. Suppose 2*p - p = -3. Determine z(p).
3
Suppose -3*f = 4*q - 13, -4 = 5*f + 5*q - 34. Let d(z) = -10*z**2 + 22*z**3 - z - 21*z**3 - 9*z - 9. Calculate d(f).
2
Let p(q) be the first derivative of q**4/4 + 5*q**3 - 3*q**2/2 - 41*q - 2935. What is p(-15)?
4
Let h(p) = p**2 + 1. Let n(s) = -s + 1. Let y be n(2). Let i(g) = -7*g**2 + 5*g - 10. Let r(b) = y*i(b) - 6*h(b). Let x be 54/8 + (-1)/(-4) - 2. Give r(x).
4
Let o = -3 - -5. Let j(b) be the third derivative of -b**4/4 + b**3/2 - 2*b**2 - 26*b - 3. Give j(o).
-9
Let k(n) = -7*n. Let q be -4 - 12/(-8 + 5). Suppose 33 = 4*x - z, q*z - 3*z = x - 5. Let o be ((-3)/6)/((-36)/x - -4). Give k(o).
-7
Let m be 4508/294 + 2/(3*-2). Let q be 12*2/(40/m) - 1. Let s(r) = -r**3 + 8*r**2 + r - 8. Give s(q).
0
Let v(z) = -z**3 + 7*z**2 - 8*z - 14. Suppose -5*m = -2*j + 12, -11 = -4*j - 4*m + 13. Determine v(j).
-26
Let o(h) = h - 2. Let z(c) = -c**3 + 19*c**2 - c + 24. Let s be z(19). Let x be (s + -9)/((-1)/(-2)). Calculate o(x).
-10
Let x = -315 + 321. Let d(b) = -3*b + 12. Let t(r) = -r + 6. Let s(z) = 1. Let g(p) = -5*s(p) + t(p). Let j(f) = x*g(f) - d(f). Determine j(-4).
6
Let f(x) = -10*x - 129. Let c be f(-14). Let t(d) = d**2 - 13*d - 14. What is t(c)?
-36
Suppose -r + 3*r = 6. Let c be -2*(-6)/(-12)*(-4 - -1). Let j(p) = -c*p**2 + 9*p**3 + p + 2*p**2 + 0*p**r + 1. Determine j(-1).
-10
Let s(c) be the first derivative of -7/4*c**4 + 2/3*c**3 + 0*c + 1/2*c**2 + 80. Determine s(-1).
8
Let n = 725 - 469. Let l be n/12 - 2/6. Let m(a) = a - 25. Let x be m(l). Let d(v) = v**2 - 2. Determine d(x).
14
Let q(y) = -3*y + 65. Let j(p) = 5*p - 104. Let m(g) = -5*j(g) - 8*q(g). Let d(z) = -z**3 - 2*z**2. Let l be d(-1). Give m(l).
1
Let y(x) be the third derivative of -x**5/60 - 5*x**4/24 - x**3 - 124*x**2 - x. Suppose -197*k + 102 = -214*k. Determine y(k).
-12
Suppose 5*o + 5*a = -5, 5*o - a = 1077 - 1076. Let i(d) be the third derivative of 1/30*d**5 + 0*d + 1/3*d**3 - 1/6*d**4 + 17*d**2 + o. Give i(3).
8
Let q(d) be the third derivative of d**4/12 - 3*d**3/2 - 2*d**2 - 3. Suppose -510*n + 24 = -507*n. Determine q(n).
7
Suppose 253*g = 933*g - 6800. Let m(a) = 7*a - 37. Calculate m(g).
33
Suppose -76 = -4*l + 46*d - 42*d, l - 4*d - 25 = 0. Let v(x) = -7*x + 120. Give v(l).
1
Suppose -3*x - t - 3*t = 41, 0 = x + 5*t + 21. Let s be (2 - -15)*(6 - 5). Let a(n) = 24 + n - 53 + s + 16. Calculate a(x).
-7
Let f(i) = 3042 + 3002 - 8956 + 3009 + 6*i. Determine f(-18).
-11
Let b(i) = 43*i**2 + 260*i + 414. Let x(k) = -9*k**2 - 53*k - 82. Let d(c) = 4*b(c) + 19*x(c). Calculate d(-30).
8
Let m be 38/6 + (-4)/(-6). Suppose 12*x - 283 + 139 = 0. Suppose m*z = x - 54. Let n(o) = -o**2 - 5*o + 1. Give n(z).
-5
Let p(o) = -o**2 + 17*o - 28. Let g(h) = 3*h**2 - 49*h + 84. Let q(x) = -2*g(x) - 7*p(x). Determine q(19).
-10
Suppose 104*g - 993 = -161. Let p(q) = -q + 15. Calculate p(g).
7
Let j(s) = -s + 15. Let p = 35 + -36. Let g be p + 14 - 9/(72/16). Calculate j(g).
4
Let p(q) = -2*q - 4. Let w be (2 + 7)/(0 + (-4)/(-84)). Let h = w + -186. Determine p(h).
-10
Suppose 2*o + 2*v = v + 3, -3*v + 5 = 5*o. Let a(y) = 9 - o - y**2 - 3*y - y**3 - 4*y**2 + 4*y. Suppose 3*c - 8 = -20. Calculate a(c).
-15
Let x = 93 + -93. Let j(b) = -b**2 - 3*b + 19. Determine j(x).
19
Let o be (3 - 487)/(-22) + 3. Let d(y) = 2*y - 68. What is d(o)?
-18
Let u(c) be the third derivative of -c**5/60 + 11*c**4/12 - 13*c**3/2 + 2*c**2 - 25*c. Determine u(16).
57
Let z(l) = 934 + 18*l**3 - l + l**2 + 942 - 1875. Let j(b) = b**2 - 2*b + 1. Let t be j(-2). Let x be (-1)/(-2) - t/(-18). Give z(x).
19
Let v(x) = -8*x + 3. Let q(n) = n**2 + 13*n + 45. Let s be (10 + -8)*1*(-7)/2. Let w be q(s). Determine v(w).
-21
Let k be (88/64)/(-11) + (-164)/(-32). Let j(i) = -3 + 2 + i + 0. Give j(k).
4
Let m be 0/((-4 - -3)*-2). Let n(g) = -47*g**3 + 4*g**2 - 5*g**2 + 83*g**3 - 1 - 37*g**3. What is n(m)?
-1
Let k(z) = -59*z**2 + 34*z + 131. Let m(c) = -13*c**2 + 9*c + 33. Let j(h) = 2*k(h) - 9*m(h). Calculate j(-7).
7
Let d(g) be the second derivative of -g**5/20 + g**4/4 + 5*g**3/6 - 3*g**2/2 - 3*g - 328. Give d(4).
1
Let t = -9270 + 9275. Let n(v) = 29*v - 3. Give n(t).
142
Let v(b) = b**3 - 8*b**2 + b - 16. Let n be (-4)/30 + 27572/3390. Give v(n).
-8
Let r(z) = 28578*z**2 - 14284*z**2 + 36 - 14293*z**2 + 17 - 20*z. What is r(16)?
-11
Let u(a) = a**2 + 18*a + 21. Let d be u(-16). Let r(m) = 2*m**2 + 15*m + 7. Let l(s) = -s**2 - 8*s - 3. Let z(y) = -7*l(y) - 3*r(y). What is z(d)?
0
Let t(r) = 3*r**2 + 5*r - 2. Let w be (2/(-3) - (-52)/42)/(26/(-91)). What is t(w)?
0
Suppose -19*l + l = 8*l. Suppose 3*a + 3*w - 8 = -32, -w = l. Let b(i) = -i**3 - 7*i**2 + 7*i - 8. Determine b(a).
0
Suppose 19*k + 57 = 38*k. Let w(i) = 4*i**k - 21*i - 10*i**2 - 9 - 5*i**3 + 33*i - 3. Calculate w(-11).
-23
Let y(u) = u**2 - 2*u**2 + 68*u - 63*u - 4 + 6. Let q be y(5). Let f(t) = -5 + 5 + t**q - 3 + 7*t. Give f(-6).
-9
Let t(n) be the first derivative of 66 - 1/2*n**2 + 19*n. Determine t(9).
10
Let r(q) = 2 + 9 - 1 - 3 - 1 - 4*q. What is r(3)?
-6
Suppose -1 = w, 18*w - 17*w + 16 = 3*v. Let q(s) = s**2 + 6*s - 5. Give q(v).
50
Let b(i) be the third derivative of -i**5/60 - i**4/8 + 2*i**3 - 40*i**2 + 95*i. Let k = 0 - 6. What is b(k)?
-6
Let s(x) = 9*x**3 - 16*x**2 - 28*x - 18. Let h(i) = -5*i**3 + 8*i**2 + 14*i + 9. Let d(o) = -11*h(o) - 6*s(o). Suppose -4*u - 4742 = -4718. Determine d(u).
-3
Let r = -89 + 139. Let a = r - 45. Let c(l) = 4 - 3*l - l + a*l + 0*l. What is c(-9)?
-5
Let j(f) be the second derivative of f**4/4 - f**3/3 + f + 79. Suppose -d = 11*d - 24. Give j(d).
8
Let g(l) be the first derivative of 13*l**2/2 - 3*l + 32. Let x = -1416 - -1417. Calculate g(x).
10
Let u = 3065 - 3065. Let v(i) = -i**3 + i**2 - 2*i + 2. What is v(u)?
2
Let o be (-12)/10*10/(-4). Let c(b) = 5*b - 14*b + 8*b - o + 0*b. Let y = 36 - 42. What is c(y)?
3
Let k(z) be the second derivative of -83*z**3/6 + 288*z**2 - 565*z. Determine k(7).
-5
Let f(s) = s**3 + 2*s**2 - s + 7. Let p be f(0). Let k(m) = 9 + 1 - 7 + 6 + 5*m. Let j(u) = 11*u + 17. Let h(c) = 6*j(c) - 13*k(c). What is h(p)?
-8
Suppose 0 = j - 2*d - 7, 2*j - 5*j + d = -6. Let r(g) = -g - 4. Let v(y) be the first derivative of -y - 1. Let w(l) = j*r(l) - 3*v(l). Determine w(2).
-3
Let y(m) = -m**3 + 9*m**2 - 7*m - 10. Suppose -h = -4*k + 3, -5*k = 5*h - 0*h - 35. Suppose -i + 4*b = 12, -19*i - 2*b + k = -20*i. Calculate y(i).
-2
Let j(y) = 7*y + 1. Let r(o) = -o**2 - 15*o - 1. Let g(t) = 3*j(t) + r(t). Calculate g(6).
2
Let f be -3*(-1)/1*1. Let k(n) = -f + 3 - 3 - 1 + n. Let a(g) = -2*g**3 - 48*g**2 - 89*g - 17. Let h be a(-22). What is k(h)?
1
Suppose 0 = 2*b - 11*b + 2052. Suppose -4*w + b = 8. Let d = w + -52. Let n(j) = -j**2 + j - 1. What is n(d)?
-7
Let a = 30 - 30. Let u(q) be the first derivative of -q**5/60 + 5*q**3/2 - 7*q**2/2 + 8. Let b(c) be the second derivative of u(c). What is b(a)?
15
Let o(u) = 4*u**2 - 4*u + 3 - 6*u**2 - 10*u**3 + 0*u**2. Let s(p) = -p**3 - p**2 - p + 1. Let c = -10219 - -10220. Let g(f) = c*o(f) - 3*s(f). What is g(1)?
-7
Let x = -703 + 337. Let z = x + 615. Let a(i) = -499 + z + 249 - 2*i. Determine a(-1).
1
Let x(w) = 13744*w**2 - 4 + 3*w - 13741*w**2 - 3*w**3 + 2*w**3. Let j = 714 - 711. What is x(j)?
5
Let z = -7625 + 7617. Let k(h) = h**2 + 8*h - 12. Determine k(z).
-12
Let v(j) = 12*j - 13*j + 0*j - j + 5*j**2. Give v(3).
39
Let v(b) = -5*b + 4. Let g(s) = 5*s - 20. Suppose -c = y, 3*y - 5*c = -5 + 37. Let t be g(y). Let